o - 8. Suppose -16 = -4*y - 0*y. Suppose 5*u - 78 = -2*z, -y*u - 1 + 73 = 4*z. Calculate the remainder when 37 is divided by p(u).
17
Suppose 0 = -5*u - 6*p + 4*p + 156, -5*p - 42 = -u. Calculate the remainder when 120 is divided by u.
24
Suppose 5*z + 0*z - 25 = 0, 4*z - 232 = -2*g. Calculate the remainder when g is divided by 17/1 + 3/(3/1).
16
Calculate the remainder when 52 is divided by ((-33)/(-22))/(3/16).
4
Suppose -4*n = -5*w + 728, -5*w + 187 = -n - 550. Calculate the remainder when w is divided by 51.
46
Suppose -4*n - 5*v = -30, -8 = -3*n + 3*v + 1. Let a(q) = q**2 - 2*q - 10. What is the remainder when 8 is divided by a(n)?
3
Let z = 717 + -672. What is the remainder when 264 is divided by z?
39
Let m be -177 + (-2 + 1)/((-4)/(-12)). Let c = 1 - m. Calculate the remainder when c is divided by 26.
25
Let s = -76 - -110. What is the remainder when (-11 - -2 - 1)*s/(-4) is divided by 23?
16
Let o(t) = t**3 + 5*t**2 + 4*t + 2. Let m be o(-4). Suppose 20 = -5*z - 0*z, -265 = -5*i + 5*z. Calculate the remainder when i is divided by (-3)/m*(-100)/6.
24
Let m = -277 + 297. Let z = -179 + 256. What is the remainder when z is divided by m?
17
Let n(x) be the third derivative of -x**5/60 + x**4/12 + 5*x**3/2 + 16*x**2. Calculate the remainder when 59 is divided by n(0).
14
Let d(h) = 2*h + 16. Let s = 15 + -6. Suppose -w - 3 = -2*w + 3*k, w + s = -k. Calculate the remainder when 14 is divided by d(w).
2
Let r = 53 - 33. Calculate the remainder when (2/(-6))/((8 + (-3030)/380)/(-6)) is divided by r.
16
Let o(j) = -j + 5. Suppose -5*r + 155 = 3*n + 29, -4*r = -5*n - 123. Let k = 21 - r. Calculate the remainder when 43 is divided by o(k).
10
Calculate the remainder when 87 is divided by 3/(-4) + (-2325)/(-124).
15
Suppose -3*u - 366 = -24. Let i = 81 + u. What is the remainder when 54 is divided by ((-11)/i)/((-2)/(-114))?
16
Let v(f) = f**3 - 8*f**2 + f. Suppose -4*i + 16 = -16. Calculate the remainder when 22 is divided by v(i).
6
Let k = -860 - -866. Suppose -32 + 98 = 3*b. Calculate the remainder when b is divided by k.
4
Let d(c) be the third derivative of -c**4/6 + 4*c**3/3 - 16*c**2. Calculate the remainder when d(-8) is divided by 11.
7
Suppose 5*f = -29*a + 28*a + 290, f - 47 = 2*a. Calculate the remainder when 68 is divided by f.
11
Suppose 72 = 5*u + 7. Let i(w) = -w**2 - 13*w + 17. Let r be i(-14). Suppose 0 = r*g - g - 102. Calculate the remainder when g is divided by u.
12
Suppose n + n = 6. Suppose g + 0 + 127 = 2*s, 0 = -4*s + n*g + 249. Calculate the remainder when s is divided by 25.
16
Suppose 3*f = -f + 268. Let p(m) = -4*m + 22. Let r(a) = -11*a + 67. Let s(w) = -8*p(w) + 3*r(w). Calculate the remainder when f is divided by s(11).
11
Suppose -5*d - 23 = -3. Calculate the remainder when 11 is divided by 7*(3 + d)*-1.
4
Let m(p) = p**2 + 4*p - 10. Let y be m(2). Suppose y*l - 70 = -3*v, -5*l + 2*l + 79 = -2*v. Calculate the remainder when l is divided by 16.
13
Suppose -11*c + 1435 + 7233 = 0. Calculate the remainder when c is divided by 72.
68
Let z(y) = 40*y - 271. Suppose -3*s + 89 - 23 = 0. Suppose s = 5*q - 3. What is the remainder when z(7) is divided by q?
4
Let x(j) = 26 - j**2 + 29*j - 18*j - 12*j. Let d(g) = g**3 - 14*g**2 - 8*g - 4. What is the remainder when d(15) is divided by x(0)?
23
Suppose 59*q = 67*q - 576. What is the remainder when q is divided by 18?
0
Suppose -3*j = -3*x + 75, 81 = -3*j - 2*x + 7*x. Let g = 24 + j. Calculate the remainder when 1*(-1 + 4 + -1) is divided by g.
0
Let o be (-6)/15 - (-217)/5. Let q(w) = -16*w - 143. Let v be q(-7). Let f = v + o. What is the remainder when 46 is divided by f?
10
Let j = 12 - -12. Let x(f) = f**3 + 10*f**2 - 58*f + 41. What is the remainder when x(-14) is divided by j?
21
Let p(g) = -12*g - 37. Let i be p(-6). Let m = i - 34. Suppose 19 = 5*s + 4. Calculate the remainder when s is divided by m.
0
Let o = -633 - -733. What is the remainder when o is divided by 69?
31
What is the remainder when (-1 + 0/2)*-22 is divided by 39*(3 - (10/(-45) + (-26)/(-9)))?
9
Suppose t - v + 31 = 0, -4*t + 3*v - 2*v = 130. Let k = t + 33. Suppose -4*q - 13 = n - 43, 4*q + 8 = k. Calculate the remainder when n is divided by 10.
8
Let y(l) = l**3 - 6*l**2 + l + 7. Suppose -4*r + 6 = 14. Let k be 18*(r - 28/(-12)). What is the remainder when 25 is divided by y(k)?
12
Let y = 1926 - 1822. Calculate the remainder when y is divided by 52.
0
Suppose -4*j - 4 + 0 = 0. Let q = -4 + j. What is the remainder when 7 is divided by q/(-3) + (-14)/(-42)?
1
Let o(b) = 11*b + 137. Let u(z) = -8*z - 91. Let k(j) = 5*o(j) + 7*u(j). What is the remainder when 110 is divided by k(20)?
26
Let k = -79 - -100. Let y = 499 - 709. Let w = -149 - y. What is the remainder when w is divided by k?
19
Suppose -2*r - r + 6*r = 0. Suppose 0*h - 4*h - i + 28 = r, -3*h + i + 28 = 0. What is the remainder when 23 is divided by h?
7
Let b(r) = r**3 + 18*r**2 - 16*r + 45. Let d be b(-19). Suppose -8*p = -11*p + 48. Let f = p + d. What is the remainder when 11 is divided by f?
3
Suppose f + 2*n + 6 = 49, 0 = -5*f + n + 248. What is the remainder when 96 is divided by f?
47
Let s(w) be the first derivative of w**4/4 - 6*w**3 + 13*w + 14. Calculate the remainder when 180 is divided by s(18).
11
Let u = -3 - -6. Suppose -4*r + 160 = -r - m, 0 = -3*m - u. Let w = -28 + r. Calculate the remainder when 99 is divided by w.
24
Calculate the remainder when 476 is divided by (-7)/(504/(-60)) - (-1430)/12.
116
Suppose -i - 4*i + 230 = 5*l, 239 = 5*i + 2*l. Suppose -n + 1 = 0, 3*o - 26 = 2*n + 26. Suppose -o = -6*b + 60. Calculate the remainder when i is divided by b.
10
Let f(q) = q**2 + 6*q + 4. Suppose 2*b + 12 = -5*i, -5*b + 6*i - 2*i - 30 = 0. Let o be f(b). Calculate the remainder when 25 is divided by 33/5 - o/(-10).
4
What is the remainder when -2 - (5 + -72 - 1) is divided by 28?
10
Suppose 0 = 45*z + 1742 - 16907. What is the remainder when z is divided by 87?
76
What is the remainder when 209 is divided by 108 + 1 - 11*1?
13
Suppose 0 = -2*c - 4*u - 12, -17*c + 4*u + 20 = -15*c. What is the remainder when 28 is divided by c?
0
Let l = 43 - 14. Suppose 2 = j + 2*x, 4*x - 10 = -18. Calculate the remainder when l is divided by j.
5
Let t = 77 + -34. What is the remainder when 299 is divided by t?
41
Suppose 2*g - 3*a = 27, -g = -0*g - 3*a - 18. What is the remainder when 20 is divided by g?
2
Let a be 43 - ((-12)/(-4) + -5). Suppose -f + x + 13 = 0, 0 = -5*f + 3*x + 22 + a. Calculate the remainder when 69 is divided by f.
13
Let y(l) = -l + 10. Let m be y(-10). Let k = m + -3. Calculate the remainder when 46 is divided by k.
12
Suppose 0 = 2*g - 72 - 12. What is the remainder when -7 + (131 - 0 - 0/20) is divided by g?
40
Suppose -9*z = -10*z + 4. Let q = -7 - -9. Let s = q + z. What is the remainder when 21 is divided by s?
3
Let k = -1 - -19. Suppose -2*o = 2 + 6. Calculate the remainder when 31 + (o - -6 - 1) is divided by k.
14
Let q = -493 - -741. Calculate the remainder when q is divided by 17.
10
What is the remainder when 117/3 - -6 - 6 is divided by 10?
9
Let z(f) = 11*f. Let r(c) = 3*c**2 + 49*c + 298. What is the remainder when r(-10) is divided by z(2)?
20
What is the remainder when (-1 - -6) + 2*3 is divided by 5?
1
Let s(t) = -t**2 + 53*t - 267. Calculate the remainder when s(7) is divided by 4.
3
Suppose -2*t = -6*t + 20. Suppose 0 = 5*b + 4*p + p - 30, 2*p = -t*b + 39. Let x = b + 2. What is the remainder when 43 is divided by x?
10
Let j(g) = g - 7. Let r be j(13). Suppose 132 = 4*m + 11*k - r*k, 4*k = 3*m - 130. Let a = 40 + -27. What is the remainder when m is divided by a?
12
Suppose 0 = 3*u + 2*h - 73, -305*h = -303*h + 8. What is the remainder when 315 is divided by u?
18
Let m = 6 - 4. Suppose 3*u = -3*l - m*l + 117, 0 = u + 1. Calculate the remainder when 4/l - 250/(-12) is divided by 6.
3
Let t be (-4 - -20) + -3 + 6 + -3. Suppose g - 3*b = -3*g + 75, -3*b + 114 = 5*g. What is the remainder when g is divided by 4 - (10/(-25) + t/(-10))?
3
Suppose -7*j + 39 = -66. Let v(a) = 2*a**2 - 14*a + 22. Calculate the remainder when v(9) is divided by j.
13
Suppose 0 = -3*p + 3*r + 30 + 336, 0 = -4*r - 8. Suppose -8*t - p = -4*t. What is the remainder when 19 is divided by (-5)/t - (-177)/18?
9
Let p 